hat is 5 + -4036?
-4031
In base 13, what is 364 + -3?
361
In base 2, what is 100 + 101001?
101101
In base 5, what is 242342 - 3?
242334
In base 12, what is -73 + 9?
-66
In base 4, what is -3 - 1013130?
-1013133
In base 5, what is -210114 + -10?
-210124
In base 6, what is -1433 + 3?
-1430
In base 4, what is -1320202 - -1?
-1320201
In base 15, what is 3 + -22c?
-229
In base 3, what is 12 + -201?
-112
In base 6, what is -4 - 223?
-231
In base 11, what is 5 - -4?
9
In base 11, what is -16a - -29?
-141
In base 7, what is -5 + -636?
-644
In base 7, what is -2142 + -24?
-2166
In base 7, what is -21 - 60?
-111
In base 7, what is 22 - 300?
-245
In base 9, what is 3 - 76?
-73
In base 4, what is 10 - -1132?
1202
In base 10, what is 3 - -1372?
1375
In base 10, what is -2 + -4754?
-4756
In base 14, what is -ca + -3?
-cd
In base 16, what is -27 + -37?
-5e
In base 13, what is -29a + 4?
-296
In base 13, what is -1a + -11?
-2b
In base 3, what is 11 + 121200?
121211
In base 3, what is -1 + 111?
110
In base 14, what is 97 + -5?
92
In base 2, what is -101 + 10000100?
1111111
In base 8, what is -1 + 636?
635
In base 7, what is -55056 - -1?
-55055
In base 13, what is -5 - -131?
129
In base 14, what is 3 - 1453?
-1450
In base 8, what is -5 - -202?
175
In base 4, what is 3 + -12130?
-12121
In base 12, what is -547 - -3?
-544
In base 11, what is -7 - 6?
-12
In base 6, what is 252 - 1?
251
In base 16, what is -361 + -4?
-365
In base 13, what is -5a9 - -1?
-5a8
In base 9, what is 18 + 165?
184
In base 12, what is 7 - 34?
-29
In base 14, what is -35 + 7?
-2c
In base 6, what is 521323 + 5?
521332
In base 6, what is 403 - 5?
354
In base 6, what is -10 - -5335?
5325
In base 10, what is -2 - 178?
-180
In base 10, what is -104 + 6?
-98
In base 8, what is 2 + -531?
-527
In base 14, what is 31a5 - 0?
31a5
In base 9, what is -35 - -318?
273
In base 4, what is 11 + 203?
220
In base 15, what is 118 + -5?
113
In base 2, what is -11 + -1001000?
-1001011
In base 6, what is 105 - -43?
152
In base 13, what is 35 - -a?
42
In base 6, what is 22 + 3?
25
In base 5, what is -204 - -32?
-122
In base 7, what is -11034 - 0?
-11034
In base 2, what is -111111101 - 10111?
-1000010100
In base 7, what is 2235 - -5?
2243
In base 9, what is -1633 - 7?
-1641
In base 10, what is 2603 - 4?
2599
In base 3, what is 1220102 - -11?
1220120
In base 16, what is 21 + -2d5?
-2b4
In base 2, what is -111000 + -1011?
-1000011
In base 2, what is -1001 - -11010001?
11001000
In base 13, what is 1 + 14?
15
In base 12, what is 17 + -22?
-7
In base 12, what is 8 + -24?
-18
In base 7, what is -10 - -15?
5
In base 14, what is -1 + 84?
83
In base 5, what is -2 - -13424?
13422
In base 2, what is 110001010 - 100?
110000110
In base 13, what is 20b + 0?
20b
In base 4, what is 3221 - -22?
3303
In base 15, what is -2 - 43a?
-43c
In base 7, what is 55 + -22?
33
In base 11, what is -12 - 27?
-39
In base 9, what is -8505 + 4?
-8501
In base 5, what is -331 - 12?
-343
In base 7, what is 6641 + -1?
6640
In base 4, what is 11 + 300?
311
In base 13, what is -7 + 117?
110
In base 12, what is 36 - -8?
42
In base 5, what is 1404004 + -2?
1404002
In base 2, what is 100 - -11110011?
11110111
In base 13, what is 6 + 5b?
64
In base 9, what is -1 - 214?
-215
In base 3, what is 1 + -11201?
-11200
In base 8, what is 334 + -1?
333
In base 11, what is 5a + 16?
75
In base 8, what is -564 - -6?
-556
In base 5, what is -332 - 4?
-341
In base 2, what is 10101 + 1000001?
1010110
In base 3, what is -201 + -20?
-221
In base 8, what is 5 + 64?
71
In base 4, what is -2 - 1223?
-1231
In base 10, what is -6 - 14?
-20
In base 13, what is 2 + 23?
25
In base 14, what is -327 + c?
-319
In base 7, what is 14612 + 4?
14616
In base 6, what is 5 + 1202?
1211
In base 6, what is 330 + 54?
424
In base 16, what is 43 - 4?
3f
In base 11, what is 2 - 4279?
-4277
In base 5, what is 3 + 42234?
42242
In base 15, what is -4 - 21?
-25
In base 11, what is -2a0 + 2?
-299
In base 3, what is 2011000 + 12?
2011012
In base 11, what is a + 75?
84
In base 14, what is 13 + -31?
-1c
In base 12, what is 3 + -131?
-12a
In base 7, what is -126 - -4?
-122
In base 11, what is 1 - 55?
-54
In base 12, what is 15 + -1?
14
In base 11, what is 43 + -16?
28
In base 8, what is -427 + 7?
-420
In base 6, what is 1055 - -32?
1131
In base 4, what is -1 - 2223?
-2230
In base 12, what is b81 + -3?
b7a
In base 10, what is 0 - 2734?
-2734
In base 2, what is -1 - -1111101100?
1111101011
In base 11, what is 5 - 27?
-22
In base 11, what is -4 - -13?
a
In base 4, what is -1330313 - 2?
-1330321
In base 14, what is -38c6 - -1?
-38c5
In base 6, what is 123141 - 5?
123132
In base 14, what is 1 + 1bc?
1bd
In base 11, what is -889 - -5?
-884
In base 3, what is 1010 + -210?
100
In base 8, what is -373 - -2?
-371
In base 8, what is 3 - -15526?
15531
In base 3, what is 1012010 - -12?
1012022
In base 11, what is 1 - 666?
-665
In base 9, what is 0 + -441?
-441
In base 3, what is 2 - 1202?
-1200
In base 3, what is -10011012 - 0?
-10011012
In base 3, what is 11 - 221?
-210
In base 13, what is -365 + 0?
-365
In base 7, what is 160152 - -5?
160160
In base 16, what is -617b - -4?
-6177
In base 3, what is -120211220 - 0?
-120211220
In base 9, what is 47 + -61?
-13
In base 10, what is 18 + 39?
57
In base 5, what is 30103 - 2?
30101
In base 2, what is 11001000 - 10100?
10110100
In base 13, what is 2 - -b8?
ba
In base 15, what is -26 - -4?
-22
In base 3, what is -21 + 121?
100
In base 12, what is 11 - 446?
-435
In base 11, what is -37 - 75?
-101
In base 12, what is -8 + 300?
2b4
In base 8, what is -40 + 7?
-31
In base 14, what is -3 + -2a?
-2d
In base 4, what is -200 - -3?
-131
In base 13, what is -4 - -782?
77b
In base 11, what is -1 + 5a?
59
In base 2, what is 10000100 - 10?
10000010
In base 8, what is 3 - 274?
-271
In base 9, what is 0 + -13?
-13
In base 11, what is 11 + 86?
97
In base 5, what is 3 - -104?
112
In base 4, what is -10132 - -21?
-10111
In base 16, what is 0 + -35a?
-35a
In base 7, what is 342 + -23?
316
In base 6, what is -3 + -34050?
-34053
In base 9, what is 4 - -7?
12
In base 9, what is -10 - -1210?
1200
In base 6, what is 110151 + -2?
110145
In base 4, what is -23102 - -10?
-23032
In base 8, what is -43 - -37?
-4
In base 2, what is -11011 + 11010100?
10111001
In base 4, what is 103 - -13?
122
In base 16, what is b7 - 6?
b1
In base 14, what is 46 + -4?
42
In base 13, what is 15 + -120?
-108
In base 7, what is 153 + 416?
602
In base 10, what is 8 + 18?
26
In base 9, what is 5 + -206?
-201
In base 12, what is -3 - -1698?
1695
In base 16, what is -2037 + 1?
-2036
In base 12, what is 120 + -113?
9
In base 12, what is 28 + 3?
2b
In base 9, what is -17 - -83?
65
In base 11, what is 3 + -47?
-44
In base 10, what is 4828 + 2?
4830
In base 10, what is -155 - 5?
-160
In base 6, what is 10523 - -4?
10531
In base 8, what is 7245 - 0?
7245
In base 15, what is 2 + 63?
65
In base 5, what is 1340 - -3?
1343
In base 3, what is -1 - -212012?
212011
In base 15, what is bc - -7?
c4
In base 6, what is 5544 - 32?
5512
In base 12, what is 10 + -6?
6
In base 4, what is -233 + -23331?
-30230
In base 4, what is -11 - -332?
321
In base 7, what is -101 - 0?
-101
In base 4, what is 201003 - -2?
201011
In base 11, what is 12 - 23?
-11
In base 5, what is -4 - -342?
333
In base 14, what is -2a29 + -4?
-2a2d
In base 4, what is 1220 + 2123?
10003
In base 10, what is -579 + 22?
-557
In base 15, what is 1 - -588?
589
In base 8, what is 2 - -226?
230
In base 10, what is -5 - -11?
6
In base 11, what is -3 + -a75?
-a78
In base 5, what is -1 - 11243?
-11244
In base 8, what is -21276 + 2?
-21274
In base 4, what is -3101 - -2032?
-1003
In base 5, what is 24 + -1?
23
In base 2, what is 0 + 100111101?
100111101
In base 6, what is 1105 - 14?
1051
In base 3, what is -202 + -21112?
-22021
In base 11, what is -41 + 11?
-30
In base 12, what is -3 - -a2?
9b
In base 7, what is -14546 - -4?
-14542
In base 12, what is -2 - 32?
-34
In base 6, what is 101 + -25?
32
In base 6, what is 540 - -3?
543
In base 10, what is -26 + 16?
-10
In base 12, what is -a2b - -5?
-a26
In base 9, what is -1805 + -15?
-1821
In base 13, what is -4 + 7a7?
7a3
In base 13, what is 7 - 1?
6
In base 8, what is -4 - -103?
77
In base 12, what is 13 - -b?
22
In base 13, what is -2 + -1259?